6)/4). Suppose 3*s = 8 + k. Let x be (66/21)/(s/35). Calculate the greatest common factor of 1 and x.
1
Suppose -4*v + 5 = 4*g - 3, -2*g = -2*v + 8. Suppose 0 = 12*y + v*y - 4875. What is the highest common divisor of 13 and y?
13
Let r be (4 - (4 - (-4)/4))/(-1). Let n be (46/69)/(r/177) - 4. What is the greatest common divisor of n and 304?
38
Let h(d) = 85*d + 9. Let s be h(3). Suppose 2*f = -7*m + 2*m + 1392, -m + s = 4*f. Calculate the highest common factor of 70 and m.
70
Let j be (-14 + 5)*(-66)/(-108)*-2. Let t = -4 - -9. Suppose 0 = -2*o + 4*w + 34, t*o - 5*w = 69 + j. What is the greatest common divisor of o and 12?
3
Suppose 11*z = 3*z + 2864. Suppose 0 = -4*f + z - 70. Suppose c - 2*c - 52 = -3*k, -4*c = -8. Calculate the highest common factor of f and k.
18
Suppose 0 = j - 5*i - 16, -4*j - 835*i + 840*i = -79. What is the greatest common factor of 987 and j?
21
Let j(n) = 1045*n - 10352. Let f be j(10). Calculate the highest common factor of 31899 and f.
49
Suppose -11*c + 6917 + 36126 = 0. Calculate the highest common factor of 43 and c.
43
Suppose 0 = u + 16*u - 289. Let x(r) = -r + 21*r + 9*r**2 - 10*r**2 + 54. Let w be x(u). Calculate the highest common factor of 30 and w.
15
Let w(m) = 13*m**2 - 42*m - 12. Let h be w(-6). Let l(a) = -a**3 + 6*a**2 + a + 6. Let s be l(6). What is the highest common factor of s and h?
12
Let q = 9 - -41. Let g be (q/20)/((-2)/12). Let p be 12/g*(3 + (-34 - 4)). Calculate the highest common divisor of p and 7.
7
Let g(y) = 12*y - 18*y + 9*y - 3. Let u be g(2). Suppose 0 = -b + 2*b - 5*h - 29, u*b = -3*h - 3. Calculate the highest common divisor of b and 12.
4
Suppose 0 = 4*i + 3*x - 19, 0*i - 2*x = 3*i - 14. Let d = -783 - -732. Let o be i*(d/(-20) + (-3)/(-15)). Calculate the greatest common divisor of 99 and o.
11
Suppose 190*w = 188*w + 316. Calculate the greatest common factor of w and 790.
158
Let k = -18273 + 59158. What is the highest common divisor of k and 65?
65
Suppose -4*x = -v + 2*v + 707, -3*x - 2*v = 534. Let q = x + 184. What is the greatest common factor of 216 and q?
8
Suppose -3*w = -p + 910, -5*w - 454 = 4*p - 4026. Let f = 914 - p. Calculate the greatest common factor of 128 and f.
16
Suppose 0 = 6*u - 7*u + 2. Let f be (-1)/(-2) - (-747)/u. Suppose 496*l - 391*l - 3570 = 0. What is the greatest common divisor of f and l?
34
Let r = 39117 - 39077. Suppose 2*x - 12 = -2*x. Suppose -x*n + 41 = 2*j, 91 = 4*j + n + 24. What is the highest common factor of j and r?
8
Suppose 8*b - 145 = 79. Let h be (-7)/(b/6)*430/(-1). What is the greatest common factor of 86 and h?
43
Suppose 0 = 12*j - 182 - 22. Suppose -j = -2*c - 5*l, 4*c + 7*l = 2*l + 49. Calculate the greatest common factor of c and 80.
16
Let m be ((-25)/(-75))/((-1)/(-15)). Let o(j) = 11*j**2 - 53*j + 4. Let x be o(m). Calculate the highest common divisor of 18 and x.
2
Let h(v) = v**3 + 8*v**2 + 3*v + 17. Let z be h(-5). Suppose -z = -2*b + 3*x, 5*b + x - 117 = 84. Calculate the highest common factor of 100 and b.
20
Suppose -2*w + 2526 = -3*l, 0*w + 3*w - l = 3782. Suppose 13*j - w = -5*j. Calculate the highest common divisor of 28 and j.
14
Let s = -483 - -1015. Let k = -491 + s. What is the greatest common divisor of 779 and k?
41
Let s(v) = 214 - 213 + 2*v**2 - 7*v + 12*v**3 + 5*v. Let w be s(1). Calculate the highest common factor of 221 and w.
13
Let r be 6/(-20) + 111399/2130. Calculate the greatest common divisor of r and 2743.
13
Suppose 286584 = 17*r + 7*r - 56640. What is the highest common factor of r and 189?
63
Let u = 3390 + -3377. Calculate the greatest common factor of u and 3.
1
Suppose 39 = 5*a + 9. Let w(v) = 10 - v**3 + v + 6 + a*v**2 - 4*v + 3*v**2. Let p be w(8). Calculate the highest common factor of 8 and p.
8
Suppose 5*p - 99 = -34. Let z = -144 + 142. Let b be 728/12*(21/6 + z). Calculate the greatest common divisor of b and p.
13
Let p be 916 - ((48/8)/3 - 4). Calculate the greatest common factor of 108 and p.
54
Let y = 5927 - 5885. What is the highest common factor of y and 9198?
42
Let r be (9/8*2)/((-7)/28). Let s(t) = -t**2 - 7*t + 34. Let k be s(r). Let m be k - 1/(-2)*8. Calculate the highest common divisor of 50 and m.
10
Suppose 6*f - 66 = 3*f. Suppose 15*p = 323 + f. Calculate the greatest common factor of p and 23.
23
Let o(i) = -i**2 + 14*i + 6. Let a = -6 - -18. Let f be o(a). Suppose -5*t = 15, -4*b - 4*t + 54 + 534 = 0. Calculate the greatest common factor of f and b.
30
Let x be (-78)/5*24365/(-1329). What is the greatest common factor of 11297 and x?
143
Let t be (5*-14)/(-2 + 0). Suppose 4*h + m + 4*m = 2510, -h = 3*m - 624. Let d be (4/3)/(4/h). Calculate the highest common divisor of t and d.
35
Let y(a) = -92*a + 587. Let f be y(5). What is the greatest common factor of f and 37211?
127
Suppose i + 2*i - 81 = 0. Let d(l) = -5*l - 72. Let z be d(-15). Suppose 2*k + 4 = 3*k, -z*h + 17 = 2*k. Calculate the greatest common divisor of i and h.
3
Let m = -5292 - -5386. What is the highest common divisor of m and 10?
2
Let l be 5817 + 6*45/(-18). What is the greatest common factor of 6 and l?
6
Let h(q) = -2*q**3 - 4*q**2 + 14*q - 8. Let l be h(6). Let i be 18/63 + l/(-14). Suppose 0 = 19*j - 70 - 272. What is the highest common divisor of i and j?
18
Let v = -9819 + 9833. What is the highest common factor of 2611 and v?
7
Let m be 57/((-91)/(-42) + -2). Suppose 5*h - m = -2*f, -3*f = -h + 3*h - 128. What is the greatest common factor of h and 40?
10
Let y(n) = 3*n**2 - 159*n + 2006. Let w be y(17). Calculate the highest common factor of w and 45.
5
Let v = -3686 - -3698. What is the highest common factor of v and 3126?
6
Let t(a) = -a**2 - 41*a + 2125. Let x be t(29). Calculate the greatest common factor of x and 6992.
19
Let z be 169/((-6)/(-2) + 3*55/(-66)). Calculate the greatest common factor of z and 286.
26
Let l be (-6)/7 - (-17904)/112 - 3. Suppose -32 = -2*r + 16. Calculate the highest common factor of r and l.
12
Suppose -v - 3*c = -68, -5*v = -4*c + 2*c - 289. Let l = v - 68. Let r be (-3)/l - (-11770)/33. What is the greatest common divisor of 51 and r?
51
Let s(y) = -162*y - 9820. Let i be s(-61). What is the highest common divisor of 2666 and i?
62
Suppose 1347*s - 20625 = 1332*s. What is the highest common factor of 165 and s?
55
Let p be ((-18)/(-14))/(5/35). Let x = 53 + -8. Calculate the greatest common factor of p and x.
9
Let c be ((-16560)/644)/((-4)/126). Calculate the highest common divisor of 40 and c.
10
Let g = 0 + 4. Suppose -3*h - h = -g*q + 116, 0 = -3*q + 4*h + 86. What is the highest common divisor of q and 40?
10
Let p be (6*1)/((-12)/(-30)). Suppose -4*w - 1430 = -p*w. What is the greatest common factor of w and 10?
10
Let v(r) = r**3 + 17*r**2 + 81*r + 550. Let g be v(-14). Calculate the greatest common factor of g and 76.
4
Let p be 4 - (-304 - (-14 + 12/2)). What is the greatest common factor of 72 and p?
12
Suppose 9767 = 35*a - 3428. Calculate the highest common factor of a and 26.
13
Let d be 3*4/6*(-53)/(-53). Let m be (-98 - d)*((-14)/(-5))/(-7). What is the greatest common divisor of 70 and m?
10
Let w be ((-36672)/(-380) + (-16)/152)/(2/115). Calculate the highest common divisor of 46 and w.
23
Let o(t) = -t**3 + 8*t**2 - 71*t + 333. Let h be o(5). What is the highest common divisor of 2650 and h?
53
Let n(q) = -4*q**3 - 3*q**2 - 8*q - 6. Let s(v) = -3*v**2 - 12*v - 14. Let a be s(-2). Let d be n(a). What is the highest common divisor of d and 12?
6
Let h(q) = -q**2 - 9*q - 1. Suppose -2*v = k + 9, 0 = 2*v - 7*v - 15. Let n be h(k). Calculate the highest common factor of 2 and n.
1
Suppose 0 = 4*k + 4*p + 8, -3*k + 4 = 36*p - 35*p. What is the greatest common divisor of k and 843?
3
Let c be -1 - ((-2)/(-5) - (-107)/(-5)). Let t = c + -12. What is the highest common divisor of 128 and t?
8
Let m = -9433 - -21095. What is the greatest common factor of m and 238?
238
Let r(v) = -146*v + 158. Let j be r(1). Suppose 0 = 43*l - 40*l - 108. What is the greatest common factor of l and j?
12
Suppose -331*o - 10 = -333*o, -4*o - 48 = -q. Calculate the greatest common factor of 4318 and q.
34
Suppose -25*t + 3*b + 24 = -23*t, 0 = -t - 5*b + 38. Calculate the highest common factor of 18477 and t.
9
Suppose -20*f + 259560 = 16*f. What is the 